e remainder when 2223052 is divided by 617?
1
Calculate the remainder when 136022 is divided by 7995.
107
What is the remainder when 5948133 is divided by 805?
793
What is the remainder when 19969798 is divided by 148?
10
What is the remainder when 1217764 is divided by 8?
4
What is the remainder when 761478 is divided by 1685?
1543
What is the remainder when 11542430 is divided by 1022?
984
Calculate the remainder when 140896 is divided by 20123.
35
Calculate the remainder when 756712 is divided by 411.
61
What is the remainder when 28352 is divided by 110?
82
What is the remainder when 423297855 is divided by 1696?
1695
Calculate the remainder when 17318772 is divided by 1660.
1652
What is the remainder when 8165652 is divided by 194?
192
Calculate the remainder when 8876490 is divided by 117.
51
What is the remainder when 53406722 is divided by 108330?
32
Calculate the remainder when 84178 is divided by 2631.
2617
What is the remainder when 75623 is divided by 66?
53
What is the remainder when 180022383 is divided by 16?
15
What is the remainder when 35808599 is divided by 13?
8
What is the remainder when 6250289 is divided by 2083426?
11
Calculate the remainder when 883722 is divided by 2468.
178
Calculate the remainder when 102619 is divided by 79.
77
Calculate the remainder when 12925273 is divided by 110.
53
What is the remainder when 626124 is divided by 41?
13
Calculate the remainder when 433385 is divided by 4203.
476
Calculate the remainder when 1933790 is divided by 43.
37
Calculate the remainder when 851009 is divided by 440.
49
Calculate the remainder when 2122717 is divided by 530665.
57
Calculate the remainder when 730649 is divided by 730644.
5
What is the remainder when 283971 is divided by 141941?
89
Calculate the remainder when 43513 is divided by 14456.
145
Calculate the remainder when 10491214 is divided by 24.
22
What is the remainder when 63260250 is divided by 2583?
2580
What is the remainder when 10776981 is divided by 574?
131
What is the remainder when 1129268 is divided by 4517?
18
Calculate the remainder when 3193295 is divided by 1671.
14
Calculate the remainder when 87605 is divided by 1214.
197
Calculate the remainder when 22795 is divided by 3351.
2689
Calculate the remainder when 530147021 is divided by 7695.
7691
What is the remainder when 1414029241 is divided by 471343076?
13
What is the remainder when 1820439 is divided by 8?
7
Calculate the remainder when 269025 is divided by 1098.
15
What is the remainder when 570919 is divided by 57087?
49
What is the remainder when 163111 is divided by 1456?
39
What is the remainder when 1087559379 is divided by 1510?
1509
Calculate the remainder when 1829038 is divided by 2046.
1960
Calculate the remainder when 92031860 is divided by 4631.
4628
What is the remainder when 1209732 is divided by 16571?
49
Calculate the remainder when 1100517 is divided by 54.
51
Calculate the remainder when 3136948 is divided by 3784.
12
What is the remainder when 22977625 is divided by 1022?
1021
Calculate the remainder when 21903 is divided by 10492.
919
What is the remainder when 31217169 is divided by 100055?
9
What is the remainder when 131572 is divided by 387?
379
Calculate the remainder when 4682 is divided by 4402.
280
What is the remainder when 37012 is divided by 1671?
250
Calculate the remainder when 20199594 is divided by 3849.
42
What is the remainder when 89096 is divided by 771?
431
Calculate the remainder when 1190393 is divided by 2675.
18
What is the remainder when 8653731 is divided by 1737?
1734
What is the remainder when 40651 is divided by 433?
382
What is the remainder when 420673 is divided by 255?
178
Calculate the remainder when 245919 is divided by 49179.
24
Calculate the remainder when 2992599 is divided by 96.
87
Calculate the remainder when 6743409 is divided by 2247613.
570
Calculate the remainder when 56476 is divided by 47661.
8815
What is the remainder when 79842 is divided by 79783?
59
What is the remainder when 163898 is divided by 5823?
854
What is the remainder when 87039676 is divided by 1820?
1816
What is the remainder when 19079114 is divided by 40?
34
What is the remainder when 4467322 is divided by 4467275?
47
Calculate the remainder when 9826089 is divided by 2161.
22
Calculate the remainder when 17690640 is divided by 520312.
32
Calculate the remainder when 47510 is divided by 15739.
293
What is the remainder when 5692363 is divided by 948663?
385
Calculate the remainder when 11219 is divided by 11065.
154
What is the remainder when 1035589 is divided by 36985?
9
What is the remainder when 63086 is divided by 31442?
202
What is the remainder when 335461 is divided by 335403?
58
Calculate the remainder when 4043982 is divided by 293.
289
Calculate the remainder when 373624 is divided by 77.
20
What is the remainder when 9871938 is divided by 47922?
6
What is the remainder when 1211188 is divided by 757?
745
Calculate the remainder when 1648854 is divided by 17541.
0
Calculate the remainder when 26166 is divided by 611.
504
What is the remainder when 5704165 is divided by 2142?
19
What is the remainder when 4703960 is divided by 1175935?
220
Calculate the remainder when 33698 is divided by 217.
63
Calculate the remainder when 4742107 is divided by 948417.
22
Calculate the remainder when 1252438 is divided by 1176.
1174
Calculate the remainder when 723476 is divided by 180792.
308
Calculate the remainder when 60184526 is divided by 30.
26
What is the remainder when 39585371 is divided by 2328549?
38
What is the remainder when 4518361 is divided by 117?
55
What is the remainder when 4501527 is divided by 23568?
39
What is the remainder when 468876 is divided by 58601?
68
What is the remainder when 1300643 is divided by 65032?
3
What is the remainder when 685414 is divided by 323?
8
Calculate the remainder when 3302845 is divided by 1598.
1377
Calculate the remainder when 11992673 is divided by 999389.
5
What is the remainder when 3900915 is divided by 66?
51
Calculate the remainder when 90542 is divided by 907.
749
What is the remainder when 11316431 is divided by 17?
7
Calculate the remainder when 5786404 is divided by 5786372.
32
Calculate the remainder when 22925137 is divided by 128.
81
What is the remainder when 1320818 is divided by 440182?
272
What is the remainder when 4921787 is divided by 712?
443
What is the remainder when 7662334 is divided by 102?
94
What is the remainder when 10847812 is divided by 3615937?
1
What is the remainder when 1215200 is divided by 57?
17
Calculate the remainder when 830624 is divided by 276844.
92
Calculate the remainder when 33235905 is divided by 27043.
58
Calculate the remainder when 46504 is divided by 3100.
4
What is the remainder when 28603673 is divided by 10?
3
Calculate the remainder when 5986139 is divided by 41.
16
Calculate the remainder when 433280 is divided by 18.
2
What is the remainder when 39910126 is divided by 8?
6
Calculate the remainder when 374841 is divided by 66.
27
What is the remainder when 242694 is divided by 48530?
44
Calculate the remainder when 3971616 is divided by 16614.
870
Calculate the remainder when 4724507 is divided by 524944.
11
What is the remainder when 19779786 is divided by 32?
10
What is the remainder when 2757271 is divided by 390?
361
What is the remainder when 559391 is divided by 440?
151
Calculate the remainder when 36997 is divided by 1412.
285
Calculate the remainder when 8043271 is divided by 739.
734
What is the remainder when 47819 is divided by 318?
119
What is the remainder when 2476568 is divided by 408?
8
Calculate the remainder when 3931432 is divided by 1310030.
1342
Calculate the remainder when 27407423 is divided by 152.
151
Calculate the remainder when 22597632 is divided by 1057.
29
What is the remainder when 281355 is divided by 5022?
123
Calculate the remainder when 62255 is divided by 2968.
2895
What is the remainder when 333012 is divided by 49?
8
What is the remainder when 1009521 is divided by 540?
261
Calculate the remainder when 960199 is divided by 240034.
63
What is the remainder when 35348921 is divided by 11?
3
Calculate the remainder when 12137200 is divided by 28.
12
Calculate the remainder when 84307 is divided by 27727.